{"id":1183,"date":"2016-03-01T12:35:41","date_gmt":"2016-03-01T12:35:41","guid":{"rendered":"http:\/\/igrejacampogrande.pt\/cspcg\/?page_id=1183"},"modified":"2025-10-24T19:50:24","modified_gmt":"2025-10-24T18:50:24","slug":"apoiodomiciliario","status":"publish","type":"page","link":"https:\/\/igrejacampogrande.pt\/cspcg\/area-senior\/apoiodomiciliario\/","title":{"rendered":"Apoio Domicili\u00e1rio"},"content":{"rendered":"<p>[et_pb_section fb_built=&#8221;1&#8243; _builder_version=&#8221;4.16&#8243; global_colors_info=&#8221;{}&#8221;][et_pb_row _builder_version=&#8221;4.16&#8243; background_size=&#8221;initial&#8221; background_position=&#8221;top_left&#8221; background_repeat=&#8221;repeat&#8221; global_colors_info=&#8221;{}&#8221;][et_pb_column type=&#8221;4_4&#8243; _builder_version=&#8221;4.16&#8243; custom_padding=&#8221;|||&#8221; global_colors_info=&#8221;{}&#8221; custom_padding__hover=&#8221;|||&#8221;][et_pb_text admin_label=&#8221;Text-SAD&#8221; _builder_version=&#8221;4.16&#8243; background_size=&#8221;initial&#8221; background_position=&#8221;top_left&#8221; background_repeat=&#8221;repeat&#8221; z_index_tablet=&#8221;500&#8243; use_border_color=&#8221;off&#8221; global_colors_info=&#8221;{}&#8221;]<\/p>\n<h1><span style=\"color: #0c71c3;\"><strong>APOIO DOMICILI\u00c1RIO<\/strong><\/span><\/h1>\n<hr \/>\n<p>&nbsp;<\/p>\n<p>O Servi\u00e7o de Apoio Domicili\u00e1rio est\u00e1 protocolado pela Seguran\u00e7a Social.<\/p>\n<p class=\"p1\">Promove a qualidade de vida das Pessoas S\u00e9nior, Fam\u00edlias ou doentes que se encontrem no seu domicil\u00edo, por raz\u00f5es de situa\u00e7\u00f5es de depend\u00eancia f\u00edsica e ou ps\u00edquica, de forma tempor\u00e1ria ou continuada, e que, desta forma, n\u00e3o seja poss\u00edvel assegurar a satisfa\u00e7\u00e3o das suas necessidades b\u00e1sicas, como Alimenta\u00e7\u00e3o ou Higiene Pessoal, ou realiza\u00e7\u00e3o de atividades do dia-a-dia como a Limpeza Habitacional ou o Acompanhamento ao Exterior para consultas m\u00e9dicas, aquisi\u00e7\u00e3o de bens alimentares ou outros bens essenciais.<\/p>\n<p class=\"p1\">Dispomos igualmente de um servi\u00e7o de limpezas no domicilio.<\/p>\n<p class=\"p1\">Desenvolve-se tamb\u00e9m servi\u00e7os como a forma\u00e7\u00e3o e sensibiliza\u00e7\u00e3o dos familiares e cuidadores informais para a presta\u00e7\u00e3o de cuidados, com o objetivo de proporcionar uma interven\u00e7\u00e3o formada, cuidada, digna e humana.<\/p>\n<p class=\"p1\">Atuamos na zona de Alvalade e nas Avenidas Novas.\u00a0<\/p>\n<p>[\/et_pb_text][et_pb_toggle title=&#8221;Servi\u00e7os&#8221; open_toggle_text_color=&#8221;#0c71c3&#8243; open_toggle_background_color=&#8221;#ffffff&#8221; closed_toggle_text_color=&#8221;#0c71c3&#8243; closed_toggle_background_color=&#8221;#ffffff&#8221; icon_color=&#8221;#0c71c3&#8243; open_icon_color=&#8221;#0c71c3&#8243; admin_label=&#8221;Toggle-Servi\u00e7os&#8221; _builder_version=&#8221;4.22.1&#8243; title_text_color=&#8221;#0c71c3&#8243; body_text_color=&#8221;#767777&#8243; z_index_tablet=&#8221;500&#8243; saved_tabs=&#8221;all&#8221; global_colors_info=&#8221;{}&#8221; hover_enabled=&#8221;0&#8243; sticky_enabled=&#8221;0&#8243;]<\/p>\n<h4><span style=\"color: #0c71c3;\"><b>No domic\u00edlio\u00a0\u00a0<\/b><\/span><\/h4>\n<ul>\n<li><b>Cuidados de higiene e conforto pessoal <\/b><\/li>\n<li><b>Entrega e Administra\u00e7\u00e3o de Refei\u00e7\u00f5es\u00a0<\/b><\/li>\n<li><b>Limpeza habitacional<\/b><\/li>\n<li><strong>Medi\u00e7\u00e3o de Valores Vitais<\/strong><\/li>\n<li><strong>Passeios ao Exterior<\/strong><\/li>\n<li><b>Treino cognitivo<\/b><\/a><\/li>\n<\/ul>\n<h4><\/h4>\n<h4><span style=\"color: #0c71c3;\"><b>Disponibilizamos ainda<\/b><\/span><\/h4>\n<ul>\n<li><b>Administra\u00e7\u00e3o de medica\u00e7\u00e3o prescrita<\/b><\/li>\n<li><b>Acompanhamento a consultas m\u00e9dicas<\/b><\/li>\n<li><b>Acompanhamento ao exterior <\/b>(para aquisi\u00e7\u00e3o de bens ou servi\u00e7os, atividades culturais e religiosas)<\/li>\n<li><b>Acompanhamento psicossocial<\/b><\/li>\n<li><strong>Atividades de anima\u00e7\u00e3o, sociabiliza\u00e7\u00e3o, de cultura, lazer ou espiritualidade<\/strong><\/li>\n<li><b>Atendimento social<\/b> (encaminhamento e articula\u00e7\u00e3o institucional)<\/li>\n<li><b>Cuidados de fisioterapia<\/b><\/li>\n<\/ul>\n<p>&nbsp;[\/et_pb_toggle][\/et_pb_column][\/et_pb_row][et_pb_row column_structure=&#8221;2_3,1_3&#8243; _builder_version=&#8221;4.16&#8243; background_size=&#8221;initial&#8221; background_position=&#8221;top_left&#8221; background_repeat=&#8221;repeat&#8221; global_colors_info=&#8221;{}&#8221;][et_pb_column type=&#8221;2_3&#8243; _builder_version=&#8221;4.16&#8243; custom_padding=&#8221;|||&#8221; global_colors_info=&#8221;{}&#8221; custom_padding__hover=&#8221;|||&#8221;][et_pb_gallery gallery_ids=&#8221;4821,4822,4823,4824,4825,4826,4827,4828,4829,4830&#8243; fullwidth=&#8221;on&#8221; admin_label=&#8221;Gallery-SAD&#8221; _builder_version=&#8221;4.16&#8243; z_index_tablet=&#8221;500&#8243; global_colors_info=&#8221;{}&#8221;][\/et_pb_gallery][\/et_pb_column][et_pb_column type=&#8221;1_3&#8243; _builder_version=&#8221;4.16&#8243; custom_padding=&#8221;|||&#8221; global_colors_info=&#8221;{}&#8221; custom_padding__hover=&#8221;|||&#8221;][et_pb_text admin_label=&#8221;Text-Hor\u00e1rio-contactos&#8221; _builder_version=&#8221;4.22.1&#8243; background_size=&#8221;initial&#8221; background_position=&#8221;top_left&#8221; background_repeat=&#8221;repeat&#8221; hover_enabled=&#8221;0&#8243; z_index_tablet=&#8221;500&#8243; use_border_color=&#8221;off&#8221; global_colors_info=&#8221;{}&#8221; sticky_enabled=&#8221;0&#8243;]<\/p>\n<h4><span style=\"color: #0c71c3;\"><strong>Hor\u00e1rio<\/strong><\/span><\/h4>\n<p><strong>2\u00aa feira a 6\u00aa feira<\/strong><\/p>\n<p><strong>08h30 \u00e0s 20h30<\/strong><\/p>\n<p><strong>Fim de semana e feriados<\/strong><\/p>\n<p><strong>08h30 \u00e0s 13h30<\/strong><\/p>\n<p><strong>15h30 \u00e0s 20h30<\/strong><\/p>\n<h4><span style=\"color: #0c71c3;\"><strong>Contacte-nos<\/strong><\/span><\/h4>\n<p><strong>Raquel Beato &#8211; 916329541<br \/>Fernanda Nascimento &#8211; 965435940<br \/><\/strong><\/p>\n<p><a href=\"mailto:apoio.domiciliario@cspcg.pt\"><strong>apoio.domiciliario@cspcg.pt<\/strong><\/a><\/p>\n<p>[\/et_pb_text][et_pb_button button_url=&#8221;https:\/\/igrejacampogrande.pt\/cspcg\/wp-content\/uploads\/2020\/08\/cspcg.senior.form_.pre_.inscricao.pdf&#8221; url_new_window=&#8221;on&#8221; button_text=&#8221;PR\u00c9-INSCRI\u00c7\u00c3O&#8221; admin_label=&#8221;butto-PRE-INSCRICAO&#8221; _builder_version=&#8221;4.16&#8243; _module_preset=&#8221;default&#8221; global_colors_info=&#8221;{}&#8221;][\/et_pb_button][et_pb_text admin_label=&#8221;Text-REGULAMENTO INTERNO- FICHA DE INSCRI\u00c7\u00c3O&#8221; _builder_version=&#8221;4.16&#8243; background_size=&#8221;initial&#8221; background_position=&#8221;top_left&#8221; background_repeat=&#8221;repeat&#8221; z_index_tablet=&#8221;500&#8243; use_border_color=&#8221;off&#8221; global_colors_info=&#8221;{}&#8221;]<\/p>\n<p>Consulte o nosso Regulamento do Servi\u00e7o de Apoio Domicili\u00e1rio\u00a0<\/p>\n<p>[\/et_pb_text][et_pb_button button_url=&#8221;https:\/\/igrejacampogrande.pt\/cspcg\/wp-content\/uploads\/2025\/08\/Reg.-Int.-Serv.-Apoio-Domic.-Anexo-IX-ao-Reg.-Int.-do-CSPCG.pdf&#8221; url_new_window=&#8221;on&#8221; button_text=&#8221;Regulamento Interno&#8221; admin_label=&#8221;button-regulamento SAD&#8221; _builder_version=&#8221;4.22.1&#8243; _module_preset=&#8221;default&#8221; global_colors_info=&#8221;{}&#8221;][\/et_pb_button][et_pb_button button_url=&#8221;https:\/\/igrejacampogrande.pt\/cspcg\/wp-content\/uploads\/2023\/09\/2022_Regulamento-interno-do-Centro-Social.pdf&#8221; url_new_window=&#8221;on&#8221; button_text=&#8221;REGULAMENTO CSPCG&#8221; admin_label=&#8221;REGULAMENTO INTERNO&#8221; _builder_version=&#8221;4.22.1&#8243; z_index_tablet=&#8221;500&#8243; locked=&#8221;off&#8221; global_colors_info=&#8221;{}&#8221; button_text_size__hover_enabled=&#8221;off&#8221; button_text_size__hover=&#8221;null&#8221; button_one_text_size__hover_enabled=&#8221;off&#8221; button_one_text_size__hover=&#8221;null&#8221; button_two_text_size__hover_enabled=&#8221;off&#8221; button_two_text_size__hover=&#8221;null&#8221; button_text_color__hover_enabled=&#8221;off&#8221; button_text_color__hover=&#8221;null&#8221; button_one_text_color__hover_enabled=&#8221;off&#8221; button_one_text_color__hover=&#8221;null&#8221; button_two_text_color__hover_enabled=&#8221;off&#8221; button_two_text_color__hover=&#8221;null&#8221; button_border_width__hover_enabled=&#8221;off&#8221; button_border_width__hover=&#8221;null&#8221; button_one_border_width__hover_enabled=&#8221;off&#8221; button_one_border_width__hover=&#8221;null&#8221; button_two_border_width__hover_enabled=&#8221;off&#8221; button_two_border_width__hover=&#8221;null&#8221; button_border_color__hover_enabled=&#8221;off&#8221; button_border_color__hover=&#8221;null&#8221; button_one_border_color__hover_enabled=&#8221;off&#8221; button_one_border_color__hover=&#8221;null&#8221; button_two_border_color__hover_enabled=&#8221;off&#8221; button_two_border_color__hover=&#8221;null&#8221; button_border_radius__hover_enabled=&#8221;off&#8221; button_border_radius__hover=&#8221;null&#8221; button_one_border_radius__hover_enabled=&#8221;off&#8221; button_one_border_radius__hover=&#8221;null&#8221; button_two_border_radius__hover_enabled=&#8221;off&#8221; button_two_border_radius__hover=&#8221;null&#8221; button_letter_spacing__hover_enabled=&#8221;off&#8221; button_letter_spacing__hover=&#8221;null&#8221; button_one_letter_spacing__hover_enabled=&#8221;off&#8221; button_one_letter_spacing__hover=&#8221;null&#8221; button_two_letter_spacing__hover_enabled=&#8221;off&#8221; button_two_letter_spacing__hover=&#8221;null&#8221; button_bg_color__hover_enabled=&#8221;off&#8221; button_bg_color__hover=&#8221;null&#8221; button_one_bg_color__hover_enabled=&#8221;off&#8221; button_one_bg_color__hover=&#8221;null&#8221; button_two_bg_color__hover_enabled=&#8221;off&#8221; button_two_bg_color__hover=&#8221;null&#8221;][\/et_pb_button][et_pb_button button_url=&#8221;https:\/\/igrejacampogrande.pt\/cspcg\/wp-content\/uploads\/2025\/09\/Anexo-IX-A-ao-Regulamento-interno-servico-de-apoio-domiciliario-2025-2026.pdf&#8221; url_new_window=&#8221;on&#8221; button_text=&#8221;PRE\u00c7\u00c1RIO&#8221; admin_label=&#8221;button-regulamento SAD&#8221; _builder_version=&#8221;4.22.1&#8243; _module_preset=&#8221;default&#8221; global_colors_info=&#8221;{}&#8221;][\/et_pb_button][\/et_pb_column][\/et_pb_row][\/et_pb_section]<\/p>\n","protected":false},"excerpt":{"rendered":"<p>APOIO DOMICILI\u00c1RIO &nbsp; O Servi\u00e7o de Apoio Domicili\u00e1rio est\u00e1 protocolado pela Seguran\u00e7a Social. Promove a qualidade de vida das Pessoas S\u00e9nior, Fam\u00edlias ou doentes que se encontrem no seu domicil\u00edo, por raz\u00f5es de situa\u00e7\u00f5es de depend\u00eancia f\u00edsica e ou ps\u00edquica, de forma tempor\u00e1ria ou continuada, e que, desta forma, n\u00e3o seja poss\u00edvel assegurar a satisfa\u00e7\u00e3o [&hellip;]<\/p>\n","protected":false},"author":5,"featured_media":0,"parent":860,"menu_order":0,"comment_status":"closed","ping_status":"closed","template":"","meta":{"_et_pb_use_builder":"on","_et_pb_old_content":"<p>[et_pb_section admin_label=\"section\"][et_pb_row admin_label=\"row\"][\/et_pb_row][\/et_pb_section]<\/p>","_et_gb_content_width":"","footnotes":""},"class_list":["post-1183","page","type-page","status-publish","hentry"],"_links":{"self":[{"href":"https:\/\/igrejacampogrande.pt\/cspcg\/wp-json\/wp\/v2\/pages\/1183","targetHints":{"allow":["GET"]}}],"collection":[{"href":"https:\/\/igrejacampogrande.pt\/cspcg\/wp-json\/wp\/v2\/pages"}],"about":[{"href":"https:\/\/igrejacampogrande.pt\/cspcg\/wp-json\/wp\/v2\/types\/page"}],"author":[{"embeddable":true,"href":"https:\/\/igrejacampogrande.pt\/cspcg\/wp-json\/wp\/v2\/users\/5"}],"replies":[{"embeddable":true,"href":"https:\/\/igrejacampogrande.pt\/cspcg\/wp-json\/wp\/v2\/comments?post=1183"}],"version-history":[{"count":50,"href":"https:\/\/igrejacampogrande.pt\/cspcg\/wp-json\/wp\/v2\/pages\/1183\/revisions"}],"predecessor-version":[{"id":5652,"href":"https:\/\/igrejacampogrande.pt\/cspcg\/wp-json\/wp\/v2\/pages\/1183\/revisions\/5652"}],"up":[{"embeddable":true,"href":"https:\/\/igrejacampogrande.pt\/cspcg\/wp-json\/wp\/v2\/pages\/860"}],"wp:attachment":[{"href":"https:\/\/igrejacampogrande.pt\/cspcg\/wp-json\/wp\/v2\/media?parent=1183"}],"curies":[{"name":"wp","href":"https:\/\/api.w.org\/{rel}","templated":true}]}}